{"id":350,"date":"2025-02-06T22:04:39","date_gmt":"2025-02-06T22:04:39","guid":{"rendered":"https:\/\/malino.gl\/?page_id=350"},"modified":"2025-02-14T19:09:36","modified_gmt":"2025-02-14T19:09:36","slug":"bogholderi-regnskabstjenester-i-groenland-malino","status":"publish","type":"page","link":"https:\/\/malino.gl\/","title":{"rendered":"Malino"},"content":{"rendered":"\n\n\n\n","protected":false},"excerpt":{"rendered":"","protected":false},"author":1,"featured_media":0,"parent":0,"menu_order":0,"comment_status":"closed","ping_status":"closed","template":"","meta":{"saved_in_kubio":true,"footnotes":""},"class_list":["post-350","page","type-page","status-publish","hentry"],"yoast_head":"<!-- This site is optimized with the Yoast SEO plugin v24.4 - https:\/\/yoast.com\/wordpress\/plugins\/seo\/ -->\n<title>Malino - Malino<\/title>\n<meta name=\"description\" content=\"F\u00e5 hj\u00e6lp til dit bogholderi- og regnskabs i Gr\u00f8nland med Malino. Jeg hj\u00e6lper virksomheder med \u00f8konomi, l\u00f8n og \u00e5rsregnskaber. Malino - F\u00e5 hj\u00e6lp til bogholderi- og regnskabs i gr\u00f8nland med Malino. Jeg hj\u00e6lper virksomheder med \u00f8konomi, l\u00f8n og \u00e5rsregnskaber.\" \/>\n<meta name=\"robots\" content=\"index, follow, max-snippet:-1, max-image-preview:large, max-video-preview:-1\" \/>\n<link rel=\"canonical\" href=\"https:\/\/malino.gl\/\" \/>\n<meta property=\"og:locale\" content=\"da_DK\" \/>\n<meta property=\"og:type\" content=\"article\" \/>\n<meta property=\"og:title\" content=\"Malino - Malino\" \/>\n<meta property=\"og:description\" content=\"F\u00e5 hj\u00e6lp til dit bogholderi- og regnskabs i Gr\u00f8nland med Malino. Jeg hj\u00e6lper virksomheder med \u00f8konomi, l\u00f8n og \u00e5rsregnskaber. Malino - F\u00e5 hj\u00e6lp til bogholderi- og regnskabs i gr\u00f8nland med Malino. Jeg hj\u00e6lper virksomheder med \u00f8konomi, l\u00f8n og \u00e5rsregnskaber.\" \/>\n<meta property=\"og:url\" content=\"https:\/\/malino.gl\/\" \/>\n<meta property=\"og:site_name\" content=\"Malino\" \/>\n<meta property=\"article:modified_time\" content=\"2025-02-14T19:09:36+00:00\" \/>\n<meta property=\"og:image\" content=\"https:\/\/malino.gl\/wp-content\/uploads\/2025\/02\/cropped-FullLogo_Transparent_NoBuffer.png\" \/>\n\t<meta property=\"og:image:width\" content=\"1177\" \/>\n\t<meta property=\"og:image:height\" content=\"690\" \/>\n\t<meta property=\"og:image:type\" content=\"image\/png\" \/>\n<meta name=\"twitter:card\" content=\"summary_large_image\" \/>\n<script type=\"application\/ld+json\" class=\"yoast-schema-graph\">{\"@context\":\"https:\/\/schema.org\",\"@graph\":[{\"@type\":\"WebPage\",\"@id\":\"https:\/\/malino.gl\/\",\"url\":\"https:\/\/malino.gl\/\",\"name\":\"Malino - Malino\",\"isPartOf\":{\"@id\":\"https:\/\/malino.gl\/#website\"},\"datePublished\":\"2025-02-06T22:04:39+00:00\",\"dateModified\":\"2025-02-14T19:09:36+00:00\",\"description\":\"F\u00e5 hj\u00e6lp til dit bogholderi- og regnskabs i Gr\u00f8nland med Malino. Jeg hj\u00e6lper virksomheder med \u00f8konomi, l\u00f8n og \u00e5rsregnskaber. Malino - F\u00e5 hj\u00e6lp til bogholderi- og regnskabs i gr\u00f8nland med Malino. Jeg hj\u00e6lper virksomheder med \u00f8konomi, l\u00f8n og \u00e5rsregnskaber.\",\"breadcrumb\":{\"@id\":\"https:\/\/malino.gl\/#breadcrumb\"},\"inLanguage\":\"da-DK\",\"potentialAction\":[{\"@type\":\"ReadAction\",\"target\":[\"https:\/\/malino.gl\/\"]}]},{\"@type\":\"BreadcrumbList\",\"@id\":\"https:\/\/malino.gl\/#breadcrumb\",\"itemListElement\":[{\"@type\":\"ListItem\",\"position\":1,\"name\":\"Hjem\",\"item\":\"https:\/\/malino.gl\/\"},{\"@type\":\"ListItem\",\"position\":2,\"name\":\"Malino\"}]},{\"@type\":\"WebSite\",\"@id\":\"https:\/\/malino.gl\/#website\",\"url\":\"https:\/\/malino.gl\/\",\"name\":\"Malino\",\"description\":\"F\u00e5 hj\u00e6lp til dit bogholderi- og regnskabs i Gr\u00f8nland med Malino. Jeg hj\u00e6lper virksomheder med \u00f8konomi, l\u00f8n og \u00e5rsregnskaber.\",\"publisher\":{\"@id\":\"https:\/\/malino.gl\/#organization\"},\"alternateName\":\"Bogholder, Nuuk, regnskab, bogf\u00f8ring\",\"potentialAction\":[{\"@type\":\"SearchAction\",\"target\":{\"@type\":\"EntryPoint\",\"urlTemplate\":\"https:\/\/malino.gl\/?s={search_term_string}\"},\"query-input\":{\"@type\":\"PropertyValueSpecification\",\"valueRequired\":true,\"valueName\":\"search_term_string\"}}],\"inLanguage\":\"da-DK\"},{\"@type\":\"Organization\",\"@id\":\"https:\/\/malino.gl\/#organization\",\"name\":\"Malino bogf\u00f8ring\",\"url\":\"https:\/\/malino.gl\/\",\"logo\":{\"@type\":\"ImageObject\",\"inLanguage\":\"da-DK\",\"@id\":\"https:\/\/malino.gl\/#\/schema\/logo\/image\/\",\"url\":\"https:\/\/malino.gl\/wp-content\/uploads\/2025\/02\/FullLogo_Transparent_NoBuffer-1.png\",\"contentUrl\":\"https:\/\/malino.gl\/wp-content\/uploads\/2025\/02\/FullLogo_Transparent_NoBuffer-1.png\",\"width\":1280,\"height\":849,\"caption\":\"Malino bogf\u00f8ring\"},\"image\":{\"@id\":\"https:\/\/malino.gl\/#\/schema\/logo\/image\/\"}}]}<\/script>\n<!-- \/ Yoast SEO plugin. -->","yoast_head_json":{"title":"Malino - Malino","description":"F\u00e5 hj\u00e6lp til dit bogholderi- og regnskabs i Gr\u00f8nland med Malino. Jeg hj\u00e6lper virksomheder med \u00f8konomi, l\u00f8n og \u00e5rsregnskaber. Malino - F\u00e5 hj\u00e6lp til bogholderi- og regnskabs i gr\u00f8nland med Malino. Jeg hj\u00e6lper virksomheder med \u00f8konomi, l\u00f8n og \u00e5rsregnskaber.","robots":{"index":"index","follow":"follow","max-snippet":"max-snippet:-1","max-image-preview":"max-image-preview:large","max-video-preview":"max-video-preview:-1"},"canonical":"https:\/\/malino.gl\/","og_locale":"da_DK","og_type":"article","og_title":"Malino - Malino","og_description":"F\u00e5 hj\u00e6lp til dit bogholderi- og regnskabs i Gr\u00f8nland med Malino. Jeg hj\u00e6lper virksomheder med \u00f8konomi, l\u00f8n og \u00e5rsregnskaber. Malino - F\u00e5 hj\u00e6lp til bogholderi- og regnskabs i gr\u00f8nland med Malino. Jeg hj\u00e6lper virksomheder med \u00f8konomi, l\u00f8n og \u00e5rsregnskaber.","og_url":"https:\/\/malino.gl\/","og_site_name":"Malino","article_modified_time":"2025-02-14T19:09:36+00:00","og_image":[{"width":1177,"height":690,"url":"https:\/\/malino.gl\/wp-content\/uploads\/2025\/02\/cropped-FullLogo_Transparent_NoBuffer.png","type":"image\/png"}],"twitter_card":"summary_large_image","schema":{"@context":"https:\/\/schema.org","@graph":[{"@type":"WebPage","@id":"https:\/\/malino.gl\/","url":"https:\/\/malino.gl\/","name":"Malino - Malino","isPartOf":{"@id":"https:\/\/malino.gl\/#website"},"datePublished":"2025-02-06T22:04:39+00:00","dateModified":"2025-02-14T19:09:36+00:00","description":"F\u00e5 hj\u00e6lp til dit bogholderi- og regnskabs i Gr\u00f8nland med Malino. Jeg hj\u00e6lper virksomheder med \u00f8konomi, l\u00f8n og \u00e5rsregnskaber. Malino - F\u00e5 hj\u00e6lp til bogholderi- og regnskabs i gr\u00f8nland med Malino. Jeg hj\u00e6lper virksomheder med \u00f8konomi, l\u00f8n og \u00e5rsregnskaber.","breadcrumb":{"@id":"https:\/\/malino.gl\/#breadcrumb"},"inLanguage":"da-DK","potentialAction":[{"@type":"ReadAction","target":["https:\/\/malino.gl\/"]}]},{"@type":"BreadcrumbList","@id":"https:\/\/malino.gl\/#breadcrumb","itemListElement":[{"@type":"ListItem","position":1,"name":"Hjem","item":"https:\/\/malino.gl\/"},{"@type":"ListItem","position":2,"name":"Malino"}]},{"@type":"WebSite","@id":"https:\/\/malino.gl\/#website","url":"https:\/\/malino.gl\/","name":"Malino","description":"F\u00e5 hj\u00e6lp til dit bogholderi- og regnskabs i Gr\u00f8nland med Malino. Jeg hj\u00e6lper virksomheder med \u00f8konomi, l\u00f8n og \u00e5rsregnskaber.","publisher":{"@id":"https:\/\/malino.gl\/#organization"},"alternateName":"Bogholder, Nuuk, regnskab, bogf\u00f8ring","potentialAction":[{"@type":"SearchAction","target":{"@type":"EntryPoint","urlTemplate":"https:\/\/malino.gl\/?s={search_term_string}"},"query-input":{"@type":"PropertyValueSpecification","valueRequired":true,"valueName":"search_term_string"}}],"inLanguage":"da-DK"},{"@type":"Organization","@id":"https:\/\/malino.gl\/#organization","name":"Malino bogf\u00f8ring","url":"https:\/\/malino.gl\/","logo":{"@type":"ImageObject","inLanguage":"da-DK","@id":"https:\/\/malino.gl\/#\/schema\/logo\/image\/","url":"https:\/\/malino.gl\/wp-content\/uploads\/2025\/02\/FullLogo_Transparent_NoBuffer-1.png","contentUrl":"https:\/\/malino.gl\/wp-content\/uploads\/2025\/02\/FullLogo_Transparent_NoBuffer-1.png","width":1280,"height":849,"caption":"Malino bogf\u00f8ring"},"image":{"@id":"https:\/\/malino.gl\/#\/schema\/logo\/image\/"}}]}},"kubio_ai_page_context":{"short_desc":"","purpose":"general","isFrontPage":true},"jetpack_sharing_enabled":true,"_links":{"self":[{"href":"https:\/\/malino.gl\/index.php?rest_route=\/wp\/v2\/pages\/350","targetHints":{"allow":["GET"]}}],"collection":[{"href":"https:\/\/malino.gl\/index.php?rest_route=\/wp\/v2\/pages"}],"about":[{"href":"https:\/\/malino.gl\/index.php?rest_route=\/wp\/v2\/types\/page"}],"author":[{"embeddable":true,"href":"https:\/\/malino.gl\/index.php?rest_route=\/wp\/v2\/users\/1"}],"replies":[{"embeddable":true,"href":"https:\/\/malino.gl\/index.php?rest_route=%2Fwp%2Fv2%2Fcomments&post=350"}],"version-history":[{"count":14,"href":"https:\/\/malino.gl\/index.php?rest_route=\/wp\/v2\/pages\/350\/revisions"}],"predecessor-version":[{"id":503,"href":"https:\/\/malino.gl\/index.php?rest_route=\/wp\/v2\/pages\/350\/revisions\/503"}],"wp:attachment":[{"href":"https:\/\/malino.gl\/index.php?rest_route=%2Fwp%2Fv2%2Fmedia&parent=350"}],"curies":[{"name":"wp","href":"https:\/\/api.w.org\/{rel}","templated":true}]}}